+ 78*d = -o - 353247. Is d a prime number?
True
Suppose 4*s - 6*s = 4. Let d be (-4)/s - (8 - 5 - 11). Suppose -22 - 3238 = -d*w. Is w composite?
True
Let d(h) = -5*h**3 - 23*h**2 - 22*h - 1. Let y = 239 - 248. Is d(y) a prime number?
True
Suppose 44*w = -104*w + 26842612. Is w prime?
False
Suppose m + 21446 = 144796. Is 4/22 - (m/(-22) + 4) prime?
False
Suppose -271923 = -47*a + 87674. Is a a prime number?
False
Let f = 2815392 + -1436865. Is f composite?
True
Suppose 1676 = -4*h + 7536. Let t = 833 + -816. Suppose -t*i + 22*i - h = 0. Is i prime?
True
Let p(i) = -i**3 - 3*i**2 - i - 4. Let c be p(3). Let j = -61 - c. Suppose 2*u - 92 - 389 = -3*w, 2*u - 10 = j. Is w a composite number?
False
Let m(a) = a**3 + 13*a**2 - 10*a - 2. Let t be m(9). Let s be 1/(-3 + (-4)/t*-1267). Let o = s + 1888. Is o a composite number?
True
Let f = -483057 + 867058. Is f a composite number?
False
Let j be (-5 - -2) + 34627 + 4. Let r be 2/(-11) + (-39)/(-33) + j. Is r/15 - (4 - 22/5) a composite number?
False
Suppose 5*d - 162054 + 39368 = 2*f, 5*f + 24528 = d. Let p = d - 10257. Is p composite?
False
Let o be (-8807 - 5)/(-3 - -1). Suppose -48*m = -50*m + o. Is m prime?
True
Let d(p) = 7*p - 110. Let j(w) = 64*w - 35. Let g be j(1). Is d(g) prime?
False
Is 666563459/23139 + (-2)/(-27) a composite number?
False
Let s(o) = 283*o**2 + 131*o + 327. Is s(35) a prime number?
True
Let r = 11375 - -123878. Is r a composite number?
True
Let c(x) = -3*x**3 - 3*x**2 + 10*x - 15. Suppose -3*i + 10 = -4*j + 43, i - 21 = -4*j. Let a = -2 - j. Is c(a) a prime number?
True
Let q(o) be the second derivative of -65*o**3/6 + 39*o**2/2 + 16*o. Is q(-14) a prime number?
False
Let s(f) be the third derivative of 0 - 4*f**2 + 29/2*f**4 + 0*f + 5/6*f**3. Is s(9) prime?
True
Let a(f) = -7*f**3 - 19*f**2 + 51*f - 110. Is a(-27) a composite number?
False
Let p be (-8)/(-12) + ((-3064)/6 - 1). Let k = 3 - p. Is k composite?
True
Let a = 43477 - 11954. Is a a composite number?
True
Suppose -s = 5*i - 822, -s + 938 = -4*i + 71. Suppose 2*f = -5*d - 2284, -5*f - 730 + 287 = d. Let u = s + d. Is u prime?
True
Suppose 0 = -5*a + 99 - 474. Let u = 80 + a. Is ((-177140)/(-12))/u + (-2)/(-3) a composite number?
False
Suppose 7 = i - 4. Let y(g) = -g**3 - 16*g**2 + 4*g + 13. Let l(r) = -3*r**3 - 49*r**2 + 13*r + 40. Let n(t) = i*y(t) - 4*l(t). Is n(-16) composite?
True
Let y(a) = -2*a**3 - 21*a**2 + 10*a - 7. Let l be y(-11). Let i be 2/(-3)*(-6 + -6)/l. Suppose 5*f - 5*p - 1193 = 1897, 0 = i*f + p - 1251. Is f a prime number?
False
Is 2/(-4) + (-8849727)/(-82) prime?
True
Let k(m) = 2*m**3 - 16. Let r be k(0). Let s(f) = -12*f + 65. Let x be s(r). Let j = x - 52. Is j prime?
False
Suppose 3*x - 1862266 = -5*q - 703184, 0 = -3*q - 2*x + 695449. Is q a composite number?
True
Let m = 178 + -74. Let x be (264/(-2))/((-3)/m). Suppose -10*n = 1566 - x. Is n a composite number?
True
Suppose -15599 = -45*g + 26*g. Is g prime?
True
Let g = 205 + -338. Is 14/g - 281318/(-38) composite?
True
Suppose 6 = -2*o, -5*z + 87 = 5*o - 573. Is (-9)/(-2)*15/z*3722 prime?
True
Suppose -6*t - 2483 - 10015 = 0. Let c = 1100 + -4242. Let s = t - c. Is s composite?
True
Let u = -21840 - -66359. Is u composite?
False
Let y be 1 + -511 + (-2)/(-1) + -7. Let r = y - -594. Is r a prime number?
True
Suppose 15*q + 5*u = 11*q + 781259, -2*q - 5*u = -390637. Is q a composite number?
False
Suppose 29*b - 37398 = -4*z + 34*b, 2*b - 12 = 0. Is z prime?
False
Let u(f) = -4*f**2 + 19*f - 17. Let r(w) = 2*w**3 - 4*w**2 + 19*w - 16. Let l(n) = 3*r(n) - 2*u(n). Is l(7) composite?
True
Let h(g) = -5*g**3 - 5*g**2 - 4*g - 2. Let j be h(-1). Suppose z = -0*z, -4*z + 6682 = j*t. Is t a prime number?
False
Let v(r) = 1304*r - 1017 - 315*r + 989. Is v(3) a prime number?
True
Let o = -305222 + 968557. Is o composite?
True
Suppose 8*l + 5*v + 27 = 12*l, -2*v = 6. Suppose -x - l*c + 356 = 0, 3*x - 449 = 4*c + 554. Is x a prime number?
False
Let w = -1 - -6. Suppose w*m = -m + 2*m. Suppose m = c + 6 - 25. Is c composite?
False
Let y = 1094 + -1066. Suppose -536499 = 19*b - y*b. Is b composite?
False
Suppose 13*o - 124 = -18*o. Suppose 4*v - 6132 = o*h, 0*v - 4*h = v - 1523. Is v a prime number?
True
Let g(q) = 10*q**2 - 3*q + 70. Let h be 4/(-14) - 12/((-840)/(-890)). Is g(h) prime?
False
Let v(x) = x**3 + 8*x**2 + 11*x + 3. Let j be v(-8). Let z = j + 186. Is (0 - 14)*z/(-2) a prime number?
False
Suppose 0 = -i + 3*i - 6. Let p be i - (-3 + 2) - 2. Suppose p*q - 2368 = -282. Is q composite?
True
Let h be 75 + -71 - 16/(-2). Is (h - 9895/20)/((-1)/4) a composite number?
False
Suppose 8*o - 2466 - 422 = 0. Suppose 3*j + 2*a = -71 + o, 2*a + 10 = 0. Suppose j = 6*b - 14. Is b prime?
True
Let f = -128201 - -227490. Is f prime?
True
Suppose 5*p = 2*p + 1734. Let f be 132/99 + (-1)/((-3)/(-1150)) - 5. Let n = p + f. Is n a composite number?
False
Let r(w) = -2*w**3 - 12*w**2 + w - 32. Let a(f) = 2*f**3 + 12*f**2 + 31. Let i(n) = -5*a(n) - 6*r(n). Is i(9) composite?
True
Is (2407223/39 + 11)*2/(16/6) a composite number?
False
Let s(h) = 13471*h - 3907. Is s(30) a prime number?
False
Suppose -13*l = -625534 - 202501. Is l composite?
True
Suppose -t = 0, 2*g + 2*g - 2*t = 72. Suppose -5*o + 4*a = -g, 0 = -2*o - o - a + 4. Suppose -o*u + 226 = -5*q, 0*u - q - 565 = -5*u. Is u a composite number?
False
Let m(f) = 28*f**2 + 9*f - 13. Let o be m(3). Let j = 1455 - o. Is j composite?
True
Let l be 13 - (-1 - (2 + -1 - 1)). Suppose 7*r + l = -0*r. Is ((-814)/(-33))/(r/(-33)) prime?
False
Let o(n) be the first derivative of -n**5/20 - n**4/4 + 7*n**3/3 - 3*n**2/2 - 23*n - 6. Let y(s) be the first derivative of o(s). Is y(-6) a composite number?
True
Let u = -332057 + 537268. Is u prime?
True
Let g = 394555 - 270074. Is g a prime number?
False
Let q(g) = 3762*g - 148. Let a be q(-12). Let c = -27257 - a. Is c a prime number?
False
Is 21165070/232 - 2/(-8) prime?
True
Is ((-49)/196)/(2/(-144904)) a composite number?
True
Let s(x) = x**2 - x - 2. Let g be s(4). Suppose 12*r = 17*r - g. Suppose -r*p - 319 = -1277. Is p a composite number?
False
Let a be 1/5 + 714308/(-140). Let r = a - -9381. Is r a composite number?
True
Suppose 0 = 4*h - 5*t - 229, -30*h + 27*h - 2*t = -166. Suppose -55*i = -h*i + 11789. Is i a prime number?
True
Suppose -3*m = -5*m - 5*z + 1228640, 0 = -3*m + 4*z + 1842914. Suppose 22*o + 8*o = m. Is o a composite number?
False
Let y(g) = -g**3 - 88*g**2 + 316*g + 562. Is y(-96) a prime number?
False
Let d = 228 + -228. Suppose -11*m = -d*m - 5731. Is m a composite number?
False
Suppose 0*g + 76 = 4*t + 4*g, 63 = 3*t - 3*g. Let u = t + 6021. Is u composite?
True
Suppose 4*d - 3*v = -0*v + 22, 3*d = -4*v + 4. Suppose -d*w + 4783 = 3*o, 2*w + 2*w - 7961 = -5*o. Is o composite?
True
Let r(k) = 4*k**3 - 16*k**2 - 2*k - 7. Let d(f) = -3*f**3 + 15*f**2 + 2*f + 9. Let m(g) = -3*d(g) - 2*r(g). Is m(15) composite?
True
Let b = 342513 - 216314. Is b a prime number?
True
Suppose 5*i - 50075 = 3*i - 3*f, 4*i = 3*f + 100195. Is i prime?
False
Suppose -2*v = -4*p + 24, 2*v - 5*p = -14 - 13. Is (44435/15)/((-2)/v) a composite number?
False
Let i be (-10)/3*27/(-18). Suppose -4*d + i*d = 669. Is d a prime number?
False
Is ((-4)/6*10016418/148)/(-2 + 1) a composite number?
False
Suppose 0 = 4*d + 2*p - 16, -4*d + 6*p = 4*p - 24. Suppose -3*j + j = -d*h - 1809, 0 = 2*j + 4*h - 1818. Is j a prime number?
True
Let v(u) = -115*u - 25. Let c be v(-14). Let z = c + 2404. Is z prime?
True
Is ((-145491)/(-18))/((-5)/(-30)) a prime number?
True
Let y(i) = 2014*i**3 - 3*i**2 + 2*i + 1. Suppose w + 5 = 6. Let m be y(w). Suppose 51*q - 49*q = m. Is q prime?
False
Suppose 4*y - 3*v - 172704 = v, 4*v - 4 = 0. Is y composite?
False
Suppose -6*x + 12492 = -12*x. Let s = x + 5735. Is s a prime number?
False
Let a = 583 - 597. Is -18478*(2 + 35/a) a prime number?
True
Let r be 22/(-18) + 1 + (-17698)/(-18). Let w = r + -135. Suppose -w = -33*b + 25*b. Is b a composite number?
True
Suppose 4*j = 8, -4*j = 3*u - 237733 - 204106. Is u a composite number?
True
Suppose -9*s - 42307 = -258892. Is s a prime number?
False
Let t = 39922 + -72217. Let r = -20216 - t. Is r a composite number?
True
Let m be (-17 - -14)/((2 - 0)/(-1438)). Suppose m = s + k, -5*k - 155 - 4173 = -2*s. Is